f 830?
8
What is the units digit of 28?
8
What is the units digit of 8619?
9
What is the units digit of 5666?
6
What is the units digit of 53432?
2
What is the hundreds digit of 6825?
8
What is the thousands digit of 7239?
7
What is the thousands digit of 6587?
6
What is the ten thousands digit of 16940?
1
What is the hundreds digit of 13066?
0
What is the hundreds digit of 38873?
8
What is the thousands digit of 13244?
3
What is the tens digit of 427?
2
What is the units digit of 4625?
5
What is the ten thousands digit of 28237?
2
What is the ten thousands digit of 28429?
2
What is the units digit of 201?
1
What is the thousands digit of 99920?
9
What is the units digit of 7886?
6
What is the tens digit of 4640?
4
What is the units digit of 1302?
2
What is the hundreds digit of 10978?
9
What is the tens digit of 16907?
0
What is the tens digit of 23270?
7
What is the ten thousands digit of 24675?
2
What is the hundreds digit of 4564?
5
What is the units digit of 911?
1
What is the units digit of 1578?
8
What is the units digit of 975?
5
What is the units digit of 93?
3
What is the units digit of 777?
7
What is the tens digit of 23316?
1
What is the hundreds digit of 492?
4
What is the thousands digit of 7635?
7
What is the units digit of 1203?
3
What is the hundreds digit of 82610?
6
What is the hundreds digit of 8540?
5
What is the hundreds digit of 6259?
2
What is the hundreds digit of 76492?
4
What is the thousands digit of 12294?
2
What is the ten thousands digit of 136497?
3
What is the units digit of 9355?
5
What is the tens digit of 6810?
1
What is the units digit of 105364?
4
What is the tens digit of 990?
9
What is the thousands digit of 15265?
5
What is the units digit of 3021?
1
What is the hundreds digit of 4680?
6
What is the tens digit of 2516?
1
What is the thousands digit of 2644?
2
What is the tens digit of 5736?
3
What is the hundreds digit of 1336?
3
What is the thousands digit of 8691?
8
What is the hundreds digit of 1183?
1
What is the units digit of 563?
3
What is the hundreds digit of 23285?
2
What is the units digit of 1870?
0
What is the tens digit of 754?
5
What is the hundreds digit of 635?
6
What is the units digit of 610?
0
What is the units digit of 6390?
0
What is the units digit of 28530?
0
What is the tens digit of 3167?
6
What is the ten thousands digit of 20368?
2
What is the hundreds digit of 4524?
5
What is the thousands digit of 18578?
8
What is the thousands digit of 18238?
8
What is the thousands digit of 1335?
1
What is the ten thousands digit of 50430?
5
What is the hundreds digit of 3382?
3
What is the tens digit of 645?
4
What is the tens digit of 14183?
8
What is the ten thousands digit of 29773?
2
What is the thousands digit of 1481?
1
What is the units digit of 4533?
3
What is the thousands digit of 9002?
9
What is the hundreds digit of 9686?
6
What is the tens digit of 189986?
8
What is the thousands digit of 62322?
2
What is the tens digit of 1808?
0
What is the hundreds digit of 794?
7
What is the hundreds digit of 63513?
5
What is the units digit of 846?
6
What is the thousands digit of 70742?
0
What is the ten thousands digit of 20035?
2
What is the units digit of 115?
5
What is the hundreds digit of 16884?
8
What is the hundreds digit of 2481?
4
What is the thousands digit of 36075?
6
What is the units digit of 176?
6
What is the hundreds digit of 6368?
3
What is the tens digit of 2815?
1
What is the hundreds digit of 4199?
1
What is the ten thousands digit of 25745?
2
What is the units digit of 161?
1
What is the tens digit of 12175?
7
What is the units digit of 2657?
7
What is the units digit of 3764?
4
What is the units digit of 1381?
1
What is the hundred thousands digit of 117551?
1
What is the units digit of 5690?
0
What is the units digit of 1914?
4
What is the thousands digit of 39297?
9
What is the units digit of 66593?
3
What is the thousands digit of 5434?
5
What is the thousands digit of 3603?
3
What is the tens digit of 11610?
1
What is the thousands digit of 12227?
2
What is the thousands digit of 2111?
2
What is the units digit of 5476?
6
What is the units digit of 8142?
2
What is the hundreds digit of 14417?
4
What is the hundreds digit of 18165?
1
What is the thousands digit of 42490?
2
What is the thousands digit of 6792?
6
What is the tens digit of 178?
7
What is the thousands digit of 85870?
5
What is the units digit of 4435?
5
What is the thousands digit of 57042?
7
What is the ten thousands digit of 26104?
2
What is the hundreds digit of 965?
9
What is the thousands digit of 12270?
2
What is the hundreds digit of 11697?
6
What is the tens digit of 35?
3
What is the units digit of 10730?
0
What is the units digit of 8155?
5
What is the tens digit of 2530?
3
What is the ten thousands digit of 57425?
5
What is the hundreds digit of 17393?
3
What is the units digit of 840?
0
What is the units digit of 1338?
8
What is the hundreds digit of 780?
7
What is the units digit of 10873?
3
What is the thousands digit of 1981?
1
What is the hundreds digit of 9386?
3
What is the thousands digit of 1094?
1
What is the tens digit of 677?
7
What is the hundreds digit of 15187?
1
What is the thousands digit of 13281?
3
What is the tens digit of 11992?
9
What is the units digit of 128?
8
What is the units digit of 2088?
8
What is the ten thousands digit of 67302?
6
What is the units digit of 5114?
4
What is the thousands digit of 65764?
5
What is the thousands digit of 32245?
2
What is the units digit of 1072?
2
What is the tens digit of 19295?
9
What is the hundred thousands digit of 163258?
1
What is the ten thousands digit of 15603?
1
What is the tens digit of 5611?
1
What is the thousands digit of 43446?
3
What is the units digit of 474?
4
What is the ten thousands digit of 22023?
2
What is the hundreds digit of 3194?
1
What is the units digit of 6950?
0
What is the hundreds digit of 1178?
1
What is the thousands digit of 76876?
6
What is the tens digit of 865?
6
What is the tens digit of 3901?
0
What is the thousands digit of 1035?
1
What is the tens digit of 53?
5
What is the thousands digit of 32383?
2
What is the hundreds digit of 14126?
1
What is the hundreds digit of 3923?
9
What is the tens digit of 112647?
4
What is the tens digit of 1339?
3
What is the units digit of 4232?
2
What is the thousands digit of 2526?
2
What is the tens digit of 1201?
0
What is the hundreds digit of 20611?
6
What is the units digit of 697?
7
What is the hundreds digit of 1957?
9
What is the tens digit of 3090?
9
What is the tens digit of 3013?
1
What is the tens digit of 1093?
9
What is the tens digit of 7656?
5
What is the hundreds digit of 507?
5
What is the units digit of 965?
5
What is the units digit of 9970?
0
What is the tens digit of 1196?
9
What is the ten thousands digit of 39400?
3
What is the hundreds digit of 3802?
8
What is the thousands digit of 12597?
2
What is the ten thousands digit of 35466?
3
What is the hundreds digit of 952?
9
What is the tens digit of 61?
6
What is the units digit of 1777?
7
What is the hundreds digit of 143?
1
What is the ten thousands digit of 88481?
8
What is the hundreds digit of 13755?
7
What is the thousands digit of 3694?
3
What is the ten thousands digit of 83447?
8
What is the tens digit of 19063?
6
What is the units digit of 2881?
1
What is the ten thousands digit of 13030?
1
What is the units digit of 6975?
5
What is the tens digit of 20688?
8
What is the hundreds digit of 12882?
8
What is the units digit of 986?
6
What is the units digit of 3230?
0
What is the hundreds digit of 47237?
2
What is the hundreds digit of 2599?
5
What is the units digit of 98?
8
What is the ten thousands digit of 93939?
9
What is the units digit of 5326?
6
What is the hundreds digit of 164065?
0
What is the hundreds digit of 6277?
2
What is the thousands digit of 20825?
0
What is the ten thousands digit of 50858?
5
What is the hundreds digit of 33829?
8
What is the units digit of 8110?
0
What is the units digit of 111350?
0
What is the units digit of 66653?
3
What is the hundreds digit of 39889?
8
What is the units digit of 1653?
3
What is the hundreds digit of 563?
5
What is the ten thousands digit of 12907?
1
What is the units digit of 274?
4
What is the hundreds 